{"id":9791,"date":"2022-11-21T16:37:49","date_gmt":"2022-11-21T15:37:49","guid":{"rendered":"https:\/\/www.esssecaffe.com\/linea-home\/gemahlener-kaffee\/ground-coffee-for-espresso-machine\/"},"modified":"2022-11-22T21:48:08","modified_gmt":"2022-11-22T20:48:08","slug":"gemahlener-kaffee-fur-espressomaschinen","status":"publish","type":"page","link":"https:\/\/www.esssecaffe.com\/de\/linea-home\/gemahlener-kaffee\/gemahlener-kaffee-fur-espressomaschinen\/","title":{"rendered":"Gemahlener Kaffee f\u00fcr Espressomaschinen"},"content":{"rendered":"<div id=\"\" class=\"product-section\">\n\n\n\n<div data-scroll-section class=\"l-container\" style=\"margin-bottom: 50px; margin-top: 30px;\"><nav class=\"woocommerce-breadcrumb rank-math-breadcrumb\"><span class=\"last\">Home<\/span><\/nav><\/div>\n\n<div data-scroll-section>\n    <div class=\"l-container\">\n        <div class=\"product-flex product-flex_product product-section-small\">\n            <div class=\"product-gallery with-coffee-bg \"> \n                <div class=\"product-gallery-image\">\n                    <img loading=\"lazy\" decoding=\"async\" width=\"484\" height=\"609\" src=\"https:\/\/www.esssecaffe.com\/wp-content\/uploads\/2021\/09\/Espresso.png\" class=\"attachment-full size-full\" alt=\"\" srcset=\"https:\/\/www.esssecaffe.com\/wp-content\/uploads\/2021\/09\/Espresso.png 484w, https:\/\/www.esssecaffe.com\/wp-content\/uploads\/2021\/09\/Espresso-238x300.png 238w, https:\/\/www.esssecaffe.com\/wp-content\/uploads\/2021\/09\/Espresso-230x289.png 230w, https:\/\/www.esssecaffe.com\/wp-content\/uploads\/2021\/09\/Espresso-477x600.png 477w\" sizes=\"auto, (max-width: 484px) 100vw, 484px\" \/>                <\/div>\n            <\/div>\n            <div class=\"product-info\">\n                <div class=\"product-info__inner\">\n                    <p class=\"h1 product-title title-decoration reveal-text longest-title longest-title_short\" data-scroll>Gemahlener Kaffee f\u00fcr Espressomaschinen  <\/p>\n                    <div class=\"product-description fade-in-bottom\" data-scroll>\n                        <p>Unser gemahlener Kaffee ist f\u00fcr Alle gedacht, die niemals auf die <b>Qualit\u00e4t von optimalem Kaffee verzichten. <\/b><\/p>\n<p>Wir von Essse Caff\u00e8 haben eine einzigartige Mischung entwickelt,<span class=\"Apple-converted-space\">\u00a0 <\/span>mit einem besonderen Augenmerk auf Mahlung und R\u00f6stung dieser vollmundigen Mischung.<span class=\"Apple-converted-space\">\u00a0 <\/span>Das Resultat ist ein <b>perfekter Kaffee f\u00fcr fr\u00fchmorgens<span class=\"Apple-converted-space\">\u00a0<\/span><\/b> und um nach dem Mittagessen <b>wieder voll durchzustarten<\/b>.<\/p>\n<p><b>PRODUKTBESCHREIBUNG<\/b><\/p>\n<p>Gemahlener Kaffee f\u00fcr die Mokka-Kanne beh\u00e4lt sein ganzes Aroma bei, weil er in einer <b>250 Gramm Metalldose <\/b>,<span class=\"Apple-converted-space\">\u00a0<\/span><b> wiederverwendbar, schnittfest und komplett recycelbar erh\u00e4ltlich ist.<\/b><span class=\"Apple-converted-space\">\u00a0<\/span><\/p>\n<p>Ein sorgf\u00e4ltige Verpackung f\u00fcr eine Mischung, die Sie die ganze Woche vom Fr\u00fchst\u00fcck bis zum fr\u00fchen Nachmittag begleitet.<span class=\"Apple-converted-space\">\u00a0<\/span><\/p>\n<p><b>GESCHMACK<\/b><\/p>\n<p>Der Geschmack von gemahlenem Kaffee f\u00fcr Espresso Maschinen ist <b>intensiv und rund<\/b>.<\/p>\n<p>Seine<b>ausgepr\u00e4gten Aromen<\/b> tragen Ihre Geschmacksnerven zu einem <b>anhaltenden Nachgeschmack <\/b>, der den Genuss eines guten Kaffees erh\u00f6ht.<span class=\"Apple-converted-space\">\u00a0<\/span><\/p>\n<p><b>MISCHUNG<span class=\"Apple-converted-space\">\u00a0<\/span><\/b><\/p>\n<p>Die edlen Arabica- und Robustamischungen machen gemahlenen Kaffee f\u00fcr Espresso Maschinen zum idealen Kaffee f\u00fcr Alle, die ausgepr\u00e4gten Geschmack m\u00f6gen. <span class=\"Apple-converted-space\">\u00a0<\/span><\/p>\n<p>Stark und <b>strukturiert<\/b>, dieser gemahlene Kaffee steht der Tasse Kaffee im Caf\u00e9 in Nichts nach.<span class=\"Apple-converted-space\">\u00a0<\/span><\/p>\n<p><b>VERZEHR<\/b><\/p>\n<p>Der gemahlene Kaffee f\u00fcr Espresso Maschinen ist Ihr Verb\u00fcndeter wenn Sie <b>nach dem Mittagessen oder um den Tag zu beginnen<\/b> einen Energieschub ben\u00f6tigen.<span class=\"Apple-converted-space\">\u00a0 <\/span><\/p>\n<p><b>Wenn Sie ausgepr\u00e4gten Geschmack m\u00f6gen, hat unser gemahlener Kaffee f\u00fcr Espresso Maschinen den Charakter, der zu Ihnen passt.<span class=\"Apple-converted-space\">\u00a0<\/span><\/b><\/p>\n                    <\/div>\n                <\/div>\n            <\/div>\n        <\/div>\n    <\/div>\n<\/div>\n<style>\n    :root {\n        --product-color: #2C2C2C;\n    }\n    <\/style>\n\n\n\n<\/div>","protected":false},"excerpt":{"rendered":"","protected":false},"author":95,"featured_media":0,"parent":9760,"menu_order":251,"comment_status":"closed","ping_status":"closed","template":"","meta":{"inline_featured_image":false,"footnotes":""},"class_list":["post-9791","page","type-page","status-publish","hentry"],"_links":{"self":[{"href":"https:\/\/www.esssecaffe.com\/de\/wp-json\/wp\/v2\/pages\/9791","targetHints":{"allow":["GET"]}}],"collection":[{"href":"https:\/\/www.esssecaffe.com\/de\/wp-json\/wp\/v2\/pages"}],"about":[{"href":"https:\/\/www.esssecaffe.com\/de\/wp-json\/wp\/v2\/types\/page"}],"author":[{"embeddable":true,"href":"https:\/\/www.esssecaffe.com\/de\/wp-json\/wp\/v2\/users\/95"}],"replies":[{"embeddable":true,"href":"https:\/\/www.esssecaffe.com\/de\/wp-json\/wp\/v2\/comments?post=9791"}],"version-history":[{"count":0,"href":"https:\/\/www.esssecaffe.com\/de\/wp-json\/wp\/v2\/pages\/9791\/revisions"}],"up":[{"embeddable":true,"href":"https:\/\/www.esssecaffe.com\/de\/wp-json\/wp\/v2\/pages\/9760"}],"wp:attachment":[{"href":"https:\/\/www.esssecaffe.com\/de\/wp-json\/wp\/v2\/media?parent=9791"}],"curies":[{"name":"wp","href":"https:\/\/api.w.org\/{rel}","templated":true}]}}

Gemahlener Kaffee für Espressomaschinen

<div id="" class="product-section">



<div data-scroll-section class="l-container" style="margin-bottom: 50px; margin-top: 30px;"><nav class="woocommerce-breadcrumb rank-math-breadcrumb"><span class="last">Home</span></nav></div>

<div data-scroll-section>
    <div class="l-container">
        <div class="product-flex product-flex_product product-section-small">
            <div class="product-gallery with-coffee-bg "> 
                <div class="product-gallery-image">
                    <img loading="lazy" decoding="async" width="484" height="609" src="https://www.esssecaffe.com/wp-content/uploads/2021/09/Espresso.png" class="attachment-full size-full" alt="" srcset="https://www.esssecaffe.com/wp-content/uploads/2021/09/Espresso.png 484w, https://www.esssecaffe.com/wp-content/uploads/2021/09/Espresso-238x300.png 238w, https://www.esssecaffe.com/wp-content/uploads/2021/09/Espresso-230x289.png 230w, https://www.esssecaffe.com/wp-content/uploads/2021/09/Espresso-477x600.png 477w" sizes="auto, (max-width: 484px) 100vw, 484px" />                </div>
            </div>
            <div class="product-info">
                <div class="product-info__inner">
                    <p class="h1 product-title title-decoration reveal-text longest-title longest-title_short" data-scroll>Gemahlener Kaffee für Espressomaschinen  </p>
                    <div class="product-description fade-in-bottom" data-scroll>
                        <p>Unser gemahlener Kaffee ist für Alle gedacht, die niemals auf die <b>Qualität von optimalem Kaffee verzichten. </b></p>
<p>Wir von Essse Caffè haben eine einzigartige Mischung entwickelt,<span class="Apple-converted-space">  </span>mit einem besonderen Augenmerk auf Mahlung und Röstung dieser vollmundigen Mischung.<span class="Apple-converted-space">  </span>Das Resultat ist ein <b>perfekter Kaffee für frühmorgens<span class="Apple-converted-space"> </span></b> und um nach dem Mittagessen <b>wieder voll durchzustarten</b>.</p>
<p><b>PRODUKTBESCHREIBUNG</b></p>
<p>Gemahlener Kaffee für die Mokka-Kanne behält sein ganzes Aroma bei, weil er in einer <b>250 Gramm Metalldose </b>,<span class="Apple-converted-space"> </span><b> wiederverwendbar, schnittfest und komplett recycelbar erhältlich ist.</b><span class="Apple-converted-space"> </span></p>
<p>Ein sorgfältige Verpackung für eine Mischung, die Sie die ganze Woche vom Frühstück bis zum frühen Nachmittag begleitet.<span class="Apple-converted-space"> </span></p>
<p><b>GESCHMACK</b></p>
<p>Der Geschmack von gemahlenem Kaffee für Espresso Maschinen ist <b>intensiv und rund</b>.</p>
<p>Seine<b>ausgeprägten Aromen</b> tragen Ihre Geschmacksnerven zu einem <b>anhaltenden Nachgeschmack </b>, der den Genuss eines guten Kaffees erhöht.<span class="Apple-converted-space"> </span></p>
<p><b>MISCHUNG<span class="Apple-converted-space"> </span></b></p>
<p>Die edlen Arabica- und Robustamischungen machen gemahlenen Kaffee für Espresso Maschinen zum idealen Kaffee für Alle, die ausgeprägten Geschmack mögen. <span class="Apple-converted-space"> </span></p>
<p>Stark und <b>strukturiert</b>, dieser gemahlene Kaffee steht der Tasse Kaffee im Café in Nichts nach.<span class="Apple-converted-space"> </span></p>
<p><b>VERZEHR</b></p>
<p>Der gemahlene Kaffee für Espresso Maschinen ist Ihr Verbündeter wenn Sie <b>nach dem Mittagessen oder um den Tag zu beginnen</b> einen Energieschub benötigen.<span class="Apple-converted-space">  </span></p>
<p><b>Wenn Sie ausgeprägten Geschmack mögen, hat unser gemahlener Kaffee für Espresso Maschinen den Charakter, der zu Ihnen passt.<span class="Apple-converted-space"> </span></b></p>
                    </div>
                </div>
            </div>
        </div>
    </div>
</div>
<style>
    :root {
        --product-color: #2C2C2C;
    }
    </style>



</div>
