{"id":9779,"date":"2022-11-21T16:36:33","date_gmt":"2022-11-21T15:36:33","guid":{"rendered":"https:\/\/www.esssecaffe.com\/linea-home\/cafe-molido\/ground-coffee-for-american-coffee\/"},"modified":"2022-11-22T16:24:04","modified_gmt":"2022-11-22T15:24:04","slug":"cafe-molido-americano","status":"publish","type":"page","link":"https:\/\/www.esssecaffe.com\/es\/linea-home\/cafe-molido\/cafe-molido-americano\/","title":{"rendered":"Caf\u00e9 molido americano"},"content":{"rendered":"<div id=\"\" class=\"product-section\">\n\n\n\n<div data-scroll-section class=\"l-container\" style=\"margin-bottom: 50px; margin-top: 30px;\"><nav class=\"woocommerce-breadcrumb rank-math-breadcrumb\"><span class=\"last\">Home<\/span><\/nav><\/div>\n\n<div data-scroll-section>\n    <div class=\"l-container\">\n        <div class=\"product-flex product-flex_product product-section-small\">\n            <div class=\"product-gallery with-coffee-bg \"> \n                <div class=\"product-gallery-image\">\n                    <img loading=\"lazy\" decoding=\"async\" width=\"484\" height=\"609\" src=\"https:\/\/www.esssecaffe.com\/wp-content\/uploads\/2021\/09\/Americano.png\" class=\"attachment-full size-full\" alt=\"\" srcset=\"https:\/\/www.esssecaffe.com\/wp-content\/uploads\/2021\/09\/Americano.png 484w, https:\/\/www.esssecaffe.com\/wp-content\/uploads\/2021\/09\/Americano-238x300.png 238w, https:\/\/www.esssecaffe.com\/wp-content\/uploads\/2021\/09\/Americano-230x289.png 230w, https:\/\/www.esssecaffe.com\/wp-content\/uploads\/2021\/09\/Americano-477x600.png 477w\" sizes=\"auto, (max-width: 484px) 100vw, 484px\" \/>                <\/div>\n            <\/div>\n            <div class=\"product-info\">\n                <div class=\"product-info__inner\">\n                    <p class=\"h1 product-title title-decoration reveal-text longest-title longest-title_short\" data-scroll>Caf\u00e9 molido americano<\/p>\n                    <div class=\"product-description fade-in-bottom\" data-scroll>\n                        <p>La mezcla molida Americano Essse Caff\u00e8 es ideal para la preparaci\u00f3n de un verdadero caf\u00e9 americano, de cuerpo ligero y aroma delicado, que en la actualidad es el tipo de caf\u00e9 m\u00e1s consumido en el mundo.<span class=\"Apple-converted-space\">\u00a0<\/span><\/p>\n<p>Este producto se ha mantenido constante a lo largo de su proceso de vida: el tiempo. Es un producto estudiado para ser preparado en m\u00e1quinas dom\u00e9sticas utilizando filtros de papel y una jarra grande.<br \/><span class=\"Apple-converted-space\">\u00a0<\/span>Una vez programada la m\u00e1quina, se debe definir una percolaci\u00f3n \u00ablenta\u00bb y requiere varios minutos antes de que el caf\u00e9 est\u00e9 listo.<span class=\"Apple-converted-space\">\u00a0<\/span><\/p>\n<p>Las jarras suelen ser de gran capacidad y esto se debe a que es un producto que se bebe en grandes cantidades, en tazas grandes o en los cl\u00e1sicos vasos para llevar con tapa. Por tanto, es un producto que se bebe lentamente, que nos acompa\u00f1a durante la rutina cotidiana. <span class=\"Apple-converted-space\">\u00a0<\/span><\/p>\n<p><b>DESCRIPCI\u00d3N DEL PRODUCTO<\/b><\/p>\n<p>El caf\u00e9 molido tipo americano est\u00e1 disponible en una elegante lata metalizada de 250 gramos, que se puede reutilizar o reciclar cuando se acaba el producto.<span class=\"Apple-converted-space\">\u00a0<\/span><\/p>\n<p>Adem\u00e1s, la lata es anticorte para no causar heridas durante su uso (incluso por la ma\u00f1ana cuando se bebe el caf\u00e9 justamente para terminar de despertarse).<\/p>\n<p><b>SABOR<\/b><\/p>\n<p>El sabor es el t\u00edpico del caf\u00e9 que se bebe en Estados unidos, un caf\u00e9 fuerte, de sabor definido y tueste prolongado. Se muele cuidadosamente para poder efectuar una percolaci\u00f3n de larga duraci\u00f3n y obtener el sabor cl\u00e1sico del caf\u00e9 americano: fuerte, en\u00e9rgico y de cuerpo delicado.<span class=\"Apple-converted-space\">\u00a0<\/span><\/p>\n<p><b>MEZCLA<span class=\"Apple-converted-space\">\u00a0<\/span><\/b><\/p>\n<p>Para crear esta mezcla hemos seleccionado cuidadosamente la calidad de las preciadas marcas Ar\u00e1bica y Robusta, creando un caf\u00e9 intenso e inconfundible.<\/p>\n<p><b>MOMENTO DE CONSUMO<\/b><\/p>\n<p>El sabor definido del caf\u00e9 americano molido es perfecto para degustar en cualquier momento del d\u00eda: en casa pero tambi\u00e9n mientras vas andando al trabajo, dentro del cl\u00e1sico vaso para llevar. Perfecto para cargar las pilas y empezar el d\u00eda con la energ\u00eda adecuada.<\/p>\n<p>Un caf\u00e9 que te acompa\u00f1ar\u00e1 durante todo el d\u00eda, con su aroma inconfundible y su delicado cuerpo.<\/p>\n<p>\u00a1Pru\u00e9balo ahora!<span class=\"Apple-converted-space\">\u00a0<\/span><\/p>\n                    <\/div>\n                <\/div>\n            <\/div>\n        <\/div>\n    <\/div>\n<\/div>\n<style>\n    :root {\n        --product-color: #724937;\n    }\n    <\/style>\n\n\n\n<\/div>","protected":false},"excerpt":{"rendered":"","protected":false},"author":95,"featured_media":0,"parent":9754,"menu_order":250,"comment_status":"closed","ping_status":"closed","template":"","meta":{"inline_featured_image":false,"footnotes":""},"class_list":["post-9779","page","type-page","status-publish","hentry"],"_links":{"self":[{"href":"https:\/\/www.esssecaffe.com\/es\/wp-json\/wp\/v2\/pages\/9779","targetHints":{"allow":["GET"]}}],"collection":[{"href":"https:\/\/www.esssecaffe.com\/es\/wp-json\/wp\/v2\/pages"}],"about":[{"href":"https:\/\/www.esssecaffe.com\/es\/wp-json\/wp\/v2\/types\/page"}],"author":[{"embeddable":true,"href":"https:\/\/www.esssecaffe.com\/es\/wp-json\/wp\/v2\/users\/95"}],"replies":[{"embeddable":true,"href":"https:\/\/www.esssecaffe.com\/es\/wp-json\/wp\/v2\/comments?post=9779"}],"version-history":[{"count":0,"href":"https:\/\/www.esssecaffe.com\/es\/wp-json\/wp\/v2\/pages\/9779\/revisions"}],"up":[{"embeddable":true,"href":"https:\/\/www.esssecaffe.com\/es\/wp-json\/wp\/v2\/pages\/9754"}],"wp:attachment":[{"href":"https:\/\/www.esssecaffe.com\/es\/wp-json\/wp\/v2\/media?parent=9779"}],"curies":[{"name":"wp","href":"https:\/\/api.w.org\/{rel}","templated":true}]}}

Café molido americano

<div id="" class="product-section">



<div data-scroll-section class="l-container" style="margin-bottom: 50px; margin-top: 30px;"><nav class="woocommerce-breadcrumb rank-math-breadcrumb"><span class="last">Home</span></nav></div>

<div data-scroll-section>
    <div class="l-container">
        <div class="product-flex product-flex_product product-section-small">
            <div class="product-gallery with-coffee-bg "> 
                <div class="product-gallery-image">
                    <img loading="lazy" decoding="async" width="484" height="609" src="https://www.esssecaffe.com/wp-content/uploads/2021/09/Americano.png" class="attachment-full size-full" alt="" srcset="https://www.esssecaffe.com/wp-content/uploads/2021/09/Americano.png 484w, https://www.esssecaffe.com/wp-content/uploads/2021/09/Americano-238x300.png 238w, https://www.esssecaffe.com/wp-content/uploads/2021/09/Americano-230x289.png 230w, https://www.esssecaffe.com/wp-content/uploads/2021/09/Americano-477x600.png 477w" sizes="auto, (max-width: 484px) 100vw, 484px" />                </div>
            </div>
            <div class="product-info">
                <div class="product-info__inner">
                    <p class="h1 product-title title-decoration reveal-text longest-title longest-title_short" data-scroll>Café molido americano</p>
                    <div class="product-description fade-in-bottom" data-scroll>
                        <p>La mezcla molida Americano Essse Caffè es ideal para la preparación de un verdadero café americano, de cuerpo ligero y aroma delicado, que en la actualidad es el tipo de café más consumido en el mundo.<span class="Apple-converted-space"> </span></p>
<p>Este producto se ha mantenido constante a lo largo de su proceso de vida: el tiempo. Es un producto estudiado para ser preparado en máquinas domésticas utilizando filtros de papel y una jarra grande.<br /><span class="Apple-converted-space"> </span>Una vez programada la máquina, se debe definir una percolación «lenta» y requiere varios minutos antes de que el café esté listo.<span class="Apple-converted-space"> </span></p>
<p>Las jarras suelen ser de gran capacidad y esto se debe a que es un producto que se bebe en grandes cantidades, en tazas grandes o en los clásicos vasos para llevar con tapa. Por tanto, es un producto que se bebe lentamente, que nos acompaña durante la rutina cotidiana. <span class="Apple-converted-space"> </span></p>
<p><b>DESCRIPCIÓN DEL PRODUCTO</b></p>
<p>El café molido tipo americano está disponible en una elegante lata metalizada de 250 gramos, que se puede reutilizar o reciclar cuando se acaba el producto.<span class="Apple-converted-space"> </span></p>
<p>Además, la lata es anticorte para no causar heridas durante su uso (incluso por la mañana cuando se bebe el café justamente para terminar de despertarse).</p>
<p><b>SABOR</b></p>
<p>El sabor es el típico del café que se bebe en Estados unidos, un café fuerte, de sabor definido y tueste prolongado. Se muele cuidadosamente para poder efectuar una percolación de larga duración y obtener el sabor clásico del café americano: fuerte, enérgico y de cuerpo delicado.<span class="Apple-converted-space"> </span></p>
<p><b>MEZCLA<span class="Apple-converted-space"> </span></b></p>
<p>Para crear esta mezcla hemos seleccionado cuidadosamente la calidad de las preciadas marcas Arábica y Robusta, creando un café intenso e inconfundible.</p>
<p><b>MOMENTO DE CONSUMO</b></p>
<p>El sabor definido del café americano molido es perfecto para degustar en cualquier momento del día: en casa pero también mientras vas andando al trabajo, dentro del clásico vaso para llevar. Perfecto para cargar las pilas y empezar el día con la energía adecuada.</p>
<p>Un café que te acompañará durante todo el día, con su aroma inconfundible y su delicado cuerpo.</p>
<p>¡Pruébalo ahora!<span class="Apple-converted-space"> </span></p>
                    </div>
                </div>
            </div>
        </div>
    </div>
</div>
<style>
    :root {
        --product-color: #724937;
    }
    </style>



</div>
