{"id":9803,"date":"2022-11-21T16:38:06","date_gmt":"2022-11-21T15:38:06","guid":{"rendered":"https:\/\/www.esssecaffe.com\/linea-home\/cafe-molido\/ground-coffee-for-use-in-the-moka\/"},"modified":"2022-11-22T16:25:05","modified_gmt":"2022-11-22T15:25:05","slug":"cafe-molido-para-moka","status":"publish","type":"page","link":"https:\/\/www.esssecaffe.com\/es\/linea-home\/cafe-molido\/cafe-molido-para-moka\/","title":{"rendered":"Caf\u00e9 molido para moka"},"content":{"rendered":"<div id=\"\" class=\"product-section\">\n\n\n\n<div data-scroll-section class=\"l-container\" style=\"margin-bottom: 50px; margin-top: 30px;\"><nav class=\"woocommerce-breadcrumb rank-math-breadcrumb\"><span class=\"last\">Home<\/span><\/nav><\/div>\n\n<div data-scroll-section>\n    <div class=\"l-container\">\n        <div class=\"product-flex product-flex_product product-section-small\">\n            <div class=\"product-gallery with-coffee-bg \"> \n                <div class=\"product-gallery-image\">\n                    <img loading=\"lazy\" decoding=\"async\" width=\"484\" height=\"609\" src=\"https:\/\/www.esssecaffe.com\/wp-content\/uploads\/2021\/09\/Moka.png\" class=\"attachment-full size-full\" alt=\"\" srcset=\"https:\/\/www.esssecaffe.com\/wp-content\/uploads\/2021\/09\/Moka.png 484w, https:\/\/www.esssecaffe.com\/wp-content\/uploads\/2021\/09\/Moka-238x300.png 238w, https:\/\/www.esssecaffe.com\/wp-content\/uploads\/2021\/09\/Moka-230x289.png 230w, https:\/\/www.esssecaffe.com\/wp-content\/uploads\/2021\/09\/Moka-477x600.png 477w\" sizes=\"auto, (max-width: 484px) 100vw, 484px\" \/>                <\/div>\n            <\/div>\n            <div class=\"product-info\">\n                <div class=\"product-info__inner\">\n                    <p class=\"h1 product-title title-decoration reveal-text longest-title longest-title_short\" data-scroll>Caf\u00e9 molido para moka<\/p>\n                    <div class=\"product-description fade-in-bottom\" data-scroll>\n                        <p>La <b>mezcla molida para moka de Essse <\/b>est\u00e1 pensada para el ritual del<b> caf\u00e9 cl\u00e1sico de las casas italianas<\/b> y para exaltar el perfume y las costumbre de un tiempo.<\/p>\n<p>Hemos querido que tambi\u00e9n el momento de la preparaci\u00f3n del t\u00edpico caf\u00e9 moka de nuestro pa\u00eds, sea especial. Irrenunciable para muchos es un deleite para quien no siempre tiene el tiempo de disfrutarlo.<span class=\"Apple-converted-space\">\u00a0<\/span><\/p>\n<p><b>La gestualidad y el perfume caracter\u00edstico de la moka<\/b> conservan un precioso valor ligado a nuestra tradici\u00f3n. Por ello, hemos querido crear un producto a medida, capaz de hacer emerger toda la italianidad de nuestras mezclas incluso en el ritual matutino de quien sigue preparando el caf\u00e9 como se hac\u00eda una vez.<span class=\"Apple-converted-space\">\u00a0<\/span><\/p>\n<p><b>DESCRIPCI\u00d3N DEL PRODUCTO<\/b><\/p>\n<p>El caf\u00e9 molido para moka est\u00e1 disponible en una elegante <b>lata metalizada de 250 gramos<\/b>, que <b>se puede reutilizar<\/b> una vez terminado el producto o <b>reciclar<span class=\"Apple-converted-space\">\u00a0<\/span><\/b> totalmente.<span class=\"Apple-converted-space\">\u00a0<\/span><\/p>\n<p>Adem\u00e1s, <b>la lata es anticorte<\/b> para no causar heridas durante su uso (incluso por la ma\u00f1ana cuando se bebe el caf\u00e9 justamente para terminar de despertarse).<\/p>\n<p><b>SABOR<\/b><\/p>\n<p>El sabor tradicional de la moka aumenta con un <b>molido m\u00e1s grueso<\/b> que ofrece un <b>aroma equilibrado y un cuerpo delicado<\/b><\/p>\n<p>Gracias a este viaje a trav\u00e9s de los sentidos, el molido para moka hace que el placer de tomar un caf\u00e9 en casa sea especial.<\/p>\n<p><b>MEZCLA<span class=\"Apple-converted-space\">\u00a0<\/span><\/b><\/p>\n<p>Para exaltar la intensidad de la historia del caf\u00e9 italiano, los maestros de Essse han seleccionado cuidadosamente las preciadas <b>mezclas Ar\u00e1bica y Robusta<\/b>, creando un caf\u00e9 intenso e inconfundible.<\/p>\n<p>Ya en la fase de preparaci\u00f3n del caf\u00e9, el olfato advierte una <b>agradable fragancia que evocan inmediatamente nuestros recuerdos.<\/b> Sensaciones que se prolongan mientras el caf\u00e9 comienza a llenar la moka y obviamente, al degustarlo.<\/p>\n<p><b>MOMENTO DE CONSUMO<\/b><\/p>\n<p>El envolvente sabor de la mezcla para moka es una carga de energ\u00eda <b>que permite comenzar con fuerza la jornada<\/b>, pero tambi\u00e9n es agradable a <b>media ma\u00f1ana<\/b>, o <b>despu\u00e9s de la comida.<\/b><span class=\"Apple-converted-space\">\u00a0<\/span><\/p>\n<p>Un caf\u00e9 que te acompa\u00f1a durante todo el d\u00eda, con su aroma inconfundible, que sabe a familia.<\/p>\n<p><b>Molido para moka es un caf\u00e9 inolvidable, que nos hace sentir como en casa.<span class=\"Apple-converted-space\">\u00a0<\/span><\/b><\/p>\n                    <\/div>\n                <\/div>\n            <\/div>\n        <\/div>\n    <\/div>\n<\/div>\n<style>\n    :root {\n        --product-color: #C00020;\n    }\n    <\/style>\n\n\n\n<\/div>","protected":false},"excerpt":{"rendered":"","protected":false},"author":95,"featured_media":0,"parent":9754,"menu_order":252,"comment_status":"closed","ping_status":"closed","template":"","meta":{"inline_featured_image":false,"footnotes":""},"class_list":["post-9803","page","type-page","status-publish","hentry"],"_links":{"self":[{"href":"https:\/\/www.esssecaffe.com\/es\/wp-json\/wp\/v2\/pages\/9803","targetHints":{"allow":["GET"]}}],"collection":[{"href":"https:\/\/www.esssecaffe.com\/es\/wp-json\/wp\/v2\/pages"}],"about":[{"href":"https:\/\/www.esssecaffe.com\/es\/wp-json\/wp\/v2\/types\/page"}],"author":[{"embeddable":true,"href":"https:\/\/www.esssecaffe.com\/es\/wp-json\/wp\/v2\/users\/95"}],"replies":[{"embeddable":true,"href":"https:\/\/www.esssecaffe.com\/es\/wp-json\/wp\/v2\/comments?post=9803"}],"version-history":[{"count":0,"href":"https:\/\/www.esssecaffe.com\/es\/wp-json\/wp\/v2\/pages\/9803\/revisions"}],"up":[{"embeddable":true,"href":"https:\/\/www.esssecaffe.com\/es\/wp-json\/wp\/v2\/pages\/9754"}],"wp:attachment":[{"href":"https:\/\/www.esssecaffe.com\/es\/wp-json\/wp\/v2\/media?parent=9803"}],"curies":[{"name":"wp","href":"https:\/\/api.w.org\/{rel}","templated":true}]}}

Café molido para moka

<div id="" class="product-section">



<div data-scroll-section class="l-container" style="margin-bottom: 50px; margin-top: 30px;"><nav class="woocommerce-breadcrumb rank-math-breadcrumb"><span class="last">Home</span></nav></div>

<div data-scroll-section>
    <div class="l-container">
        <div class="product-flex product-flex_product product-section-small">
            <div class="product-gallery with-coffee-bg "> 
                <div class="product-gallery-image">
                    <img loading="lazy" decoding="async" width="484" height="609" src="https://www.esssecaffe.com/wp-content/uploads/2021/09/Moka.png" class="attachment-full size-full" alt="" srcset="https://www.esssecaffe.com/wp-content/uploads/2021/09/Moka.png 484w, https://www.esssecaffe.com/wp-content/uploads/2021/09/Moka-238x300.png 238w, https://www.esssecaffe.com/wp-content/uploads/2021/09/Moka-230x289.png 230w, https://www.esssecaffe.com/wp-content/uploads/2021/09/Moka-477x600.png 477w" sizes="auto, (max-width: 484px) 100vw, 484px" />                </div>
            </div>
            <div class="product-info">
                <div class="product-info__inner">
                    <p class="h1 product-title title-decoration reveal-text longest-title longest-title_short" data-scroll>Café molido para moka</p>
                    <div class="product-description fade-in-bottom" data-scroll>
                        <p>La <b>mezcla molida para moka de Essse </b>está pensada para el ritual del<b> café clásico de las casas italianas</b> y para exaltar el perfume y las costumbre de un tiempo.</p>
<p>Hemos querido que también el momento de la preparación del típico café moka de nuestro país, sea especial. Irrenunciable para muchos es un deleite para quien no siempre tiene el tiempo de disfrutarlo.<span class="Apple-converted-space"> </span></p>
<p><b>La gestualidad y el perfume característico de la moka</b> conservan un precioso valor ligado a nuestra tradición. Por ello, hemos querido crear un producto a medida, capaz de hacer emerger toda la italianidad de nuestras mezclas incluso en el ritual matutino de quien sigue preparando el café como se hacía una vez.<span class="Apple-converted-space"> </span></p>
<p><b>DESCRIPCIÓN DEL PRODUCTO</b></p>
<p>El café molido para moka está disponible en una elegante <b>lata metalizada de 250 gramos</b>, que <b>se puede reutilizar</b> una vez terminado el producto o <b>reciclar<span class="Apple-converted-space"> </span></b> totalmente.<span class="Apple-converted-space"> </span></p>
<p>Además, <b>la lata es anticorte</b> para no causar heridas durante su uso (incluso por la mañana cuando se bebe el café justamente para terminar de despertarse).</p>
<p><b>SABOR</b></p>
<p>El sabor tradicional de la moka aumenta con un <b>molido más grueso</b> que ofrece un <b>aroma equilibrado y un cuerpo delicado</b></p>
<p>Gracias a este viaje a través de los sentidos, el molido para moka hace que el placer de tomar un café en casa sea especial.</p>
<p><b>MEZCLA<span class="Apple-converted-space"> </span></b></p>
<p>Para exaltar la intensidad de la historia del café italiano, los maestros de Essse han seleccionado cuidadosamente las preciadas <b>mezclas Arábica y Robusta</b>, creando un café intenso e inconfundible.</p>
<p>Ya en la fase de preparación del café, el olfato advierte una <b>agradable fragancia que evocan inmediatamente nuestros recuerdos.</b> Sensaciones que se prolongan mientras el café comienza a llenar la moka y obviamente, al degustarlo.</p>
<p><b>MOMENTO DE CONSUMO</b></p>
<p>El envolvente sabor de la mezcla para moka es una carga de energía <b>que permite comenzar con fuerza la jornada</b>, pero también es agradable a <b>media mañana</b>, o <b>después de la comida.</b><span class="Apple-converted-space"> </span></p>
<p>Un café que te acompaña durante todo el día, con su aroma inconfundible, que sabe a familia.</p>
<p><b>Molido para moka es un café inolvidable, que nos hace sentir como en casa.<span class="Apple-converted-space"> </span></b></p>
                    </div>
                </div>
            </div>
        </div>
    </div>
</div>
<style>
    :root {
        --product-color: #C00020;
    }
    </style>



</div>
