{"id":3942,"date":"2022-09-21T11:06:50","date_gmt":"2022-09-21T09:06:50","guid":{"rendered":"https:\/\/www.esssecaffe.com\/ligne-professionnelle\/"},"modified":"2022-09-21T17:53:14","modified_gmt":"2022-09-21T15:53:14","slug":"ligne-professionnelle","status":"publish","type":"page","link":"https:\/\/www.esssecaffe.com\/fr\/ligne-professionnelle\/","title":{"rendered":"Ligne Professionnelle"},"content":{"rendered":"<div class=\"top-section full-screen-section\" data-scroll-section>\n\n    <div class=\"top-section__bg\">\n    <div class=\"top-section__bg-img\" style=\"background-image: url(https:\/\/www.esssecaffe.com\/wp-content\/uploads\/2021\/12\/professional_above_the_fold.jpg)\" data-scroll><\/div>\n\n    <\/div>\n    <div class=\"l-container\">rddd\n        <div class=\"top-section__inner\">\n            <div class=\"top-section__info\" data-scroll>\n                <div class=\"top-section__info-inner\">\n                    <h1 class=\"main-title text-center reveal-text\" data-scroll>Ligne Professionnelle<\/h1>\n                    <p class=\"main-description text-center fade-in-bottom\" data-scroll>En plus de quarante ans d&rsquo;engagement, d\u00e9vouement, \u00e9tudes et recherches, Essse Caff\u00e8 est devenu un leader du march\u00e9 et une marque de r\u00e9f\u00e9rence dans le monde Ho.Re.Ca. \nLa connaissance approfondie du secteur, du caf\u00e9 brut au caf\u00e9 en tasse, de la torr\u00e9faction au conditionnement, de l&rsquo;\u00e9quipement professionnel \u00e0 l&rsquo;extraction de l&rsquo;expresso, permet \u00e0 Essse Caff\u00e8 d&rsquo;accompagner ses clients \u00e0 360 degr\u00e9s et au fil du temps.<\/p>\n                <\/div>\n            <\/div>\n        <\/div>\n    <\/div>\n        <a href=\"#info-professional\" class=\"scroll-down bounce\" data-scroll-to data-scroll\n       data-scroll-speed=\"-0.3\" data-scroll-position=\"top\" data-scroll-delay=\"0.05\">\n        <svg width=\"101\" height=\"53\" viewBox=\"0 0 101 53\" fill=\"none\" xmlns=\"http:\/\/www.w3.org\/2000\/svg\">\n            <path d=\"M2.12207 2.125L50.793 50.796L99.4641 2.125\" stroke=\"white\" stroke-width=\"3\"\n                  stroke-linecap=\"round\" stroke-linejoin=\"round\"\/>\n        <\/svg>\n    <\/a>\n    <\/div>\n\n\n\n<div data-scroll-section class=\"l-container\" style=\"margin-bottom: 50px; margin-top: 30px;\"><nav class=\"woocommerce-breadcrumb rank-math-breadcrumb\"><span class=\"last\">Home<\/span><\/nav><\/div>\n\n<div id=\"info-professional\" class=\"info   \" data-scroll-section >\n    <div class=\"l-container\">\n        <div class=\"info__row\">\n            <div class=\"info__col info__col_left\">\n                <div class=\"info__title\">\n                    <h2 class=\"main-title title-decoration reveal-text\" data-scroll>ESSSE CAFF\u00c9 POUR LES PROFESSIONNELS<\/h2>\n                <\/div>\n                                            <div class=\"info__description\">\n                                <p class=\"fade-in-bottom\" data-scroll>Science, Savoir, Sp\u00e9cialisation: ce sont les trois valeurs qui r\u00e9sument la philosophie d&rsquo;Essse Caff\u00e8, fond\u00e9e sur la connaissance et l&rsquo;exp\u00e9rience et orient\u00e9e vers l&rsquo;innovation, gr\u00e2ce \u00e0 la recherche perp\u00e9tuelle de la meilleure qualit\u00e9 organoleptique et de la constance des m\u00e9langes. Des valeurs qui ont permis \u00e0 Essse de devenir les sp\u00e9cialistes de l&rsquo;expresso italien.\n<\/p>\n                            <\/div>\n                                                                                                                                                  \n                                <a href=\"\" class=\"main-link\" >\n                                    <div class=\"main-link__flex fade-in-bottom\" data-scroll>\n                                        <svg width=\"30\" height=\"29\" viewBox=\"0 0 30 29\" fill=\"none\"\n                                             xmlns=\"http:\/\/www.w3.org\/2000\/svg\">\n                                            <path d=\"M7.45662 1.00302C7.33562 0.996017 27.7096 1.02603 27.7096 1.02603L20.3366 24.48C19.6186 26.257 18.0306 27.242 15.6996 27.438C14.1883 27.5313 12.6773 27.2514 11.2996 26.623C3.35963 23.19 -0.678357 14.558 1.65864 5.22802C2.01725 3.9787 2.78243 2.88474 3.83302 2.11944C4.88361 1.35414 6.15952 0.961249 7.45863 1.00302\"\n                                                  stroke=\"#BF0020\" fill=\"transparent\" stroke-width=\"2\"\/>\n                                        <\/svg>\n                                        <span>ALLER AU MONDE DES PROFESSIONNELS<\/span>\n                                    <\/div>\n                                <\/a>\n                                                                                                                                                <\/div>\n            <div class=\"info__col info__col_right\">\n                <div class=\"image-container\">\n\n                                            <div class=\"image-parallax-wrapper\">\n\t\t\t\n                            <div class=\"image-parallax black-overlay\"\n                                 style=\"background-image: url(https:\/\/www.esssecaffe.com\/wp-content\/uploads\/2022\/09\/per-i-professionisti-1.jpg)\" \n                                 data-scroll\n                                 data-scroll-speed=\"-3.5\">\n\t\t\t\t<\/div>\n                        <\/div>\n                                    <\/div>\n            <\/div>\n        <\/div>\n    <\/div>\n<\/div>\n\n<div id=\"\" class=\"info  reverse \" data-scroll-section >\n    <div class=\"l-container\">\n        <div class=\"info__row\">\n            <div class=\"info__col info__col_left\">\n                <div class=\"info__title\">\n                    <h2 class=\"main-title title-decoration reveal-text\" data-scroll>MONDE OCS ET VENDING<\/h2>\n                <\/div>\n                                            <div class=\"info__description\">\n                                <p class=\"fade-in-bottom\" data-scroll>L\u2019activit\u00e9 intense et constante de sp\u00e9cialisation que nous exer\u00e7ons aux c\u00f4t\u00e9s des professionnels du monde du bar depuis 1979, nous a permis de d\u00e9velopper le \u00ab Sistema Espresso \u00bb exclusif, un mod\u00e8le de machine \u00e0 capsules capable d\u2019offrir une pause-caf\u00e9 sous le signe de l\u2019excellence m\u00eame au bureau et \u00e0 la maison.\n<\/p>\n                            <\/div>\n                                                                                                                                                  \n                                <a href=\"\" class=\"main-link\" >\n                                    <div class=\"main-link__flex fade-in-bottom\" data-scroll>\n                                        <svg width=\"30\" height=\"29\" viewBox=\"0 0 30 29\" fill=\"none\"\n                                             xmlns=\"http:\/\/www.w3.org\/2000\/svg\">\n                                            <path d=\"M7.45662 1.00302C7.33562 0.996017 27.7096 1.02603 27.7096 1.02603L20.3366 24.48C19.6186 26.257 18.0306 27.242 15.6996 27.438C14.1883 27.5313 12.6773 27.2514 11.2996 26.623C3.35963 23.19 -0.678357 14.558 1.65864 5.22802C2.01725 3.9787 2.78243 2.88474 3.83302 2.11944C4.88361 1.35414 6.15952 0.961249 7.45863 1.00302\"\n                                                  stroke=\"#BF0020\" fill=\"transparent\" stroke-width=\"2\"\/>\n                                        <\/svg>\n                                        <span>ALLER AU MONDE OCS ET VENDING<\/span>\n                                    <\/div>\n                                <\/a>\n                                                                                                                                                <\/div>\n            <div class=\"info__col info__col_right\">\n                <div class=\"image-container\">\n\n                                            <div class=\"image-parallax-wrapper\">\n\t\t\t\n                            <div class=\"image-parallax black-overlay\"\n                                 style=\"background-image: url(https:\/\/www.esssecaffe.com\/wp-content\/uploads\/2021\/12\/Essse_prova01_retouch_00017-scaled.jpg)\" \n                                 data-scroll\n                                 data-scroll-speed=\"-3.5\">\n\t\t\t\t<\/div>\n                        <\/div>\n                                    <\/div>\n            <\/div>\n        <\/div>\n    <\/div>\n<\/div>","protected":false},"excerpt":{"rendered":"","protected":false},"author":95,"featured_media":0,"parent":0,"menu_order":625,"comment_status":"closed","ping_status":"closed","template":"","meta":{"inline_featured_image":false,"footnotes":""},"class_list":["post-3942","page","type-page","status-publish","hentry"],"_links":{"self":[{"href":"https:\/\/www.esssecaffe.com\/fr\/wp-json\/wp\/v2\/pages\/3942","targetHints":{"allow":["GET"]}}],"collection":[{"href":"https:\/\/www.esssecaffe.com\/fr\/wp-json\/wp\/v2\/pages"}],"about":[{"href":"https:\/\/www.esssecaffe.com\/fr\/wp-json\/wp\/v2\/types\/page"}],"author":[{"embeddable":true,"href":"https:\/\/www.esssecaffe.com\/fr\/wp-json\/wp\/v2\/users\/95"}],"replies":[{"embeddable":true,"href":"https:\/\/www.esssecaffe.com\/fr\/wp-json\/wp\/v2\/comments?post=3942"}],"version-history":[{"count":0,"href":"https:\/\/www.esssecaffe.com\/fr\/wp-json\/wp\/v2\/pages\/3942\/revisions"}],"wp:attachment":[{"href":"https:\/\/www.esssecaffe.com\/fr\/wp-json\/wp\/v2\/media?parent=3942"}],"curies":[{"name":"wp","href":"https:\/\/api.w.org\/{rel}","templated":true}]}}

<div class="top-section full-screen-section" data-scroll-section>

    <div class="top-section__bg">
    <div class="top-section__bg-img" style="background-image: url(https://www.esssecaffe.com/wp-content/uploads/2021/12/professional_above_the_fold.jpg)" data-scroll></div>

    </div>
    <div class="l-container">rddd
        <div class="top-section__inner">
            <div class="top-section__info" data-scroll>
                <div class="top-section__info-inner">
                    <h1 class="main-title text-center reveal-text" data-scroll>Ligne Professionnelle</h1>
                    <p class="main-description text-center fade-in-bottom" data-scroll>En plus de quarante ans d&rsquo;engagement, dévouement, études et recherches, Essse Caffè est devenu un leader du marché et une marque de référence dans le monde Ho.Re.Ca. 
La connaissance approfondie du secteur, du café brut au café en tasse, de la torréfaction au conditionnement, de l&rsquo;équipement professionnel à l&rsquo;extraction de l&rsquo;expresso, permet à Essse Caffè d&rsquo;accompagner ses clients à 360 degrés et au fil du temps.</p>
                </div>
            </div>
        </div>
    </div>
        <a href="#info-professional" class="scroll-down bounce" data-scroll-to data-scroll
       data-scroll-speed="-0.3" data-scroll-position="top" data-scroll-delay="0.05">
        <svg width="101" height="53" viewBox="0 0 101 53" fill="none" xmlns="http://www.w3.org/2000/svg">
            <path d="M2.12207 2.125L50.793 50.796L99.4641 2.125" stroke="white" stroke-width="3"
                  stroke-linecap="round" stroke-linejoin="round"/>
        </svg>
    </a>
    </div>



<div data-scroll-section class="l-container" style="margin-bottom: 50px; margin-top: 30px;"><nav class="woocommerce-breadcrumb rank-math-breadcrumb"><span class="last">Home</span></nav></div>

<div id="info-professional" class="info   " data-scroll-section >
    <div class="l-container">
        <div class="info__row">
            <div class="info__col info__col_left">
                <div class="info__title">
                    <h2 class="main-title title-decoration reveal-text" data-scroll>ESSSE CAFFÉ POUR LES PROFESSIONNELS</h2>
                </div>
                                            <div class="info__description">
                                <p class="fade-in-bottom" data-scroll>Science, Savoir, Spécialisation: ce sont les trois valeurs qui résument la philosophie d&rsquo;Essse Caffè, fondée sur la connaissance et l&rsquo;expérience et orientée vers l&rsquo;innovation, grâce à la recherche perpétuelle de la meilleure qualité organoleptique et de la constance des mélanges. Des valeurs qui ont permis à Essse de devenir les spécialistes de l&rsquo;expresso italien.
</p>
                            </div>
                                                                                                                                                  
                                <a href="" class="main-link" >
                                    <div class="main-link__flex fade-in-bottom" data-scroll>
                                        <svg width="30" height="29" viewBox="0 0 30 29" fill="none"
                                             xmlns="http://www.w3.org/2000/svg">
                                            <path d="M7.45662 1.00302C7.33562 0.996017 27.7096 1.02603 27.7096 1.02603L20.3366 24.48C19.6186 26.257 18.0306 27.242 15.6996 27.438C14.1883 27.5313 12.6773 27.2514 11.2996 26.623C3.35963 23.19 -0.678357 14.558 1.65864 5.22802C2.01725 3.9787 2.78243 2.88474 3.83302 2.11944C4.88361 1.35414 6.15952 0.961249 7.45863 1.00302"
                                                  stroke="#BF0020" fill="transparent" stroke-width="2"/>
                                        </svg>
                                        <span>ALLER AU MONDE DES PROFESSIONNELS</span>
                                    </div>
                                </a>
                                                                                                                                                </div>
            <div class="info__col info__col_right">
                <div class="image-container">

                                            <div class="image-parallax-wrapper">
			
                            <div class="image-parallax black-overlay"
                                 style="background-image: url(https://www.esssecaffe.com/wp-content/uploads/2022/09/per-i-professionisti-1.jpg)" 
                                 data-scroll
                                 data-scroll-speed="-3.5">
				</div>
                        </div>
                                    </div>
            </div>
        </div>
    </div>
</div>

<div id="" class="info  reverse " data-scroll-section >
    <div class="l-container">
        <div class="info__row">
            <div class="info__col info__col_left">
                <div class="info__title">
                    <h2 class="main-title title-decoration reveal-text" data-scroll>MONDE OCS ET VENDING</h2>
                </div>
                                            <div class="info__description">
                                <p class="fade-in-bottom" data-scroll>L’activité intense et constante de spécialisation que nous exerçons aux côtés des professionnels du monde du bar depuis 1979, nous a permis de développer le « Sistema Espresso » exclusif, un modèle de machine à capsules capable d’offrir une pause-café sous le signe de l’excellence même au bureau et à la maison.
</p>
                            </div>
                                                                                                                                                  
                                <a href="" class="main-link" >
                                    <div class="main-link__flex fade-in-bottom" data-scroll>
                                        <svg width="30" height="29" viewBox="0 0 30 29" fill="none"
                                             xmlns="http://www.w3.org/2000/svg">
                                            <path d="M7.45662 1.00302C7.33562 0.996017 27.7096 1.02603 27.7096 1.02603L20.3366 24.48C19.6186 26.257 18.0306 27.242 15.6996 27.438C14.1883 27.5313 12.6773 27.2514 11.2996 26.623C3.35963 23.19 -0.678357 14.558 1.65864 5.22802C2.01725 3.9787 2.78243 2.88474 3.83302 2.11944C4.88361 1.35414 6.15952 0.961249 7.45863 1.00302"
                                                  stroke="#BF0020" fill="transparent" stroke-width="2"/>
                                        </svg>
                                        <span>ALLER AU MONDE OCS ET VENDING</span>
                                    </div>
                                </a>
                                                                                                                                                </div>
            <div class="info__col info__col_right">
                <div class="image-container">

                                            <div class="image-parallax-wrapper">
			
                            <div class="image-parallax black-overlay"
                                 style="background-image: url(https://www.esssecaffe.com/wp-content/uploads/2021/12/Essse_prova01_retouch_00017-scaled.jpg)" 
                                 data-scroll
                                 data-scroll-speed="-3.5">
				</div>
                        </div>
                                    </div>
            </div>
        </div>
    </div>
</div>
